[INFO] cloning repository https://github.com/cgati/rust-linked-list
[INFO] running `Command { std: "git" "-c" "credential.helper=" "-c" "credential.helper=/workspace/cargo-home/bin/git-credential-null" "clone" "--bare" "https://github.com/cgati/rust-linked-list" "/workspace/cache/git-repos/https%3A%2F%2Fgithub.com%2Fcgati%2Frust-linked-list", kill_on_drop: false }`
[INFO] [stderr] Cloning into bare repository '/workspace/cache/git-repos/https%3A%2F%2Fgithub.com%2Fcgati%2Frust-linked-list'...
[INFO] running `Command { std: "git" "rev-parse" "HEAD", kill_on_drop: false }`
[INFO] [stdout] b764ad70216463acda72ae2e8e44967fef0bcb06
[INFO] checking cgati/rust-linked-list against try#72f88fc4e9458f89516a0b8b0868f3718aec5b47 for pr-74989
[INFO] running `Command { std: "git" "clone" "/workspace/cache/git-repos/https%3A%2F%2Fgithub.com%2Fcgati%2Frust-linked-list" "/workspace/builds/worker-11/source", kill_on_drop: false }`
[INFO] [stderr] Cloning into '/workspace/builds/worker-11/source'...
[INFO] [stderr] done.
[INFO] validating manifest of git repo https://github.com/cgati/rust-linked-list on toolchain 72f88fc4e9458f89516a0b8b0868f3718aec5b47
[INFO] running `Command { std: "/workspace/cargo-home/bin/cargo" "+72f88fc4e9458f89516a0b8b0868f3718aec5b47" "read-manifest" "--manifest-path" "Cargo.toml", kill_on_drop: false }`
[INFO] started tweaking git repo https://github.com/cgati/rust-linked-list
[INFO] finished tweaking git repo https://github.com/cgati/rust-linked-list
[INFO] tweaked toml for git repo https://github.com/cgati/rust-linked-list written to /workspace/builds/worker-11/source/Cargo.toml
[INFO] crate git repo https://github.com/cgati/rust-linked-list already has a lockfile, it will not be regenerated
[INFO] running `Command { std: "/workspace/cargo-home/bin/cargo" "+72f88fc4e9458f89516a0b8b0868f3718aec5b47" "fetch" "--locked" "--manifest-path" "Cargo.toml", kill_on_drop: false }`
[INFO] running `Command { std: "docker" "create" "-v" "/var/lib/crater-agent-workspace/builds/worker-11/target:/opt/rustwide/target:rw,Z" "-v" "/var/lib/crater-agent-workspace/builds/worker-11/source:/opt/rustwide/workdir:ro,Z" "-v" "/var/lib/crater-agent-workspace/cargo-home:/opt/rustwide/cargo-home:ro,Z" "-v" "/var/lib/crater-agent-workspace/rustup-home:/opt/rustwide/rustup-home:ro,Z" "-e" "SOURCE_DIR=/opt/rustwide/workdir" "-e" "CARGO_TARGET_DIR=/opt/rustwide/target" "-e" "CARGO_HOME=/opt/rustwide/cargo-home" "-e" "RUSTUP_HOME=/opt/rustwide/rustup-home" "-w" "/opt/rustwide/workdir" "-m" "1610612736" "--user" "0:0" "--network" "none" "rustops/crates-build-env@sha256:d92eaeed33fa75130ca1ee6c8a01d1ffb62bac859dfdfb3450e3e5d1c0146529" "/opt/rustwide/cargo-home/bin/cargo" "+72f88fc4e9458f89516a0b8b0868f3718aec5b47" "metadata" "--no-deps" "--format-version=1", kill_on_drop: false }`
[INFO] [stdout] b758cbe3f94e6e7ad060755ae4b885b27ee86ef41bdbb1496fcc517986fe530f
[INFO] [stderr] WARNING: Your kernel does not support swap limit capabilities or the cgroup is not mounted. Memory limited without swap.
[INFO] running `Command { std: "docker" "start" "-a" "b758cbe3f94e6e7ad060755ae4b885b27ee86ef41bdbb1496fcc517986fe530f", kill_on_drop: false }`
[INFO] running `Command { std: "docker" "inspect" "b758cbe3f94e6e7ad060755ae4b885b27ee86ef41bdbb1496fcc517986fe530f", kill_on_drop: false }`
[INFO] running `Command { std: "docker" "rm" "-f" "b758cbe3f94e6e7ad060755ae4b885b27ee86ef41bdbb1496fcc517986fe530f", kill_on_drop: false }`
[INFO] [stdout] b758cbe3f94e6e7ad060755ae4b885b27ee86ef41bdbb1496fcc517986fe530f
[INFO] running `Command { std: "docker" "create" "-v" "/var/lib/crater-agent-workspace/builds/worker-11/target:/opt/rustwide/target:rw,Z" "-v" "/var/lib/crater-agent-workspace/builds/worker-11/source:/opt/rustwide/workdir:ro,Z" "-v" "/var/lib/crater-agent-workspace/cargo-home:/opt/rustwide/cargo-home:ro,Z" "-v" "/var/lib/crater-agent-workspace/rustup-home:/opt/rustwide/rustup-home:ro,Z" "-e" "SOURCE_DIR=/opt/rustwide/workdir" "-e" "CARGO_TARGET_DIR=/opt/rustwide/target" "-e" "CARGO_INCREMENTAL=0" "-e" "RUST_BACKTRACE=full" "-e" "RUSTFLAGS=--cap-lints=forbid" "-e" "CARGO_HOME=/opt/rustwide/cargo-home" "-e" "RUSTUP_HOME=/opt/rustwide/rustup-home" "-w" "/opt/rustwide/workdir" "-m" "1610612736" "--user" "0:0" "--network" "none" "rustops/crates-build-env@sha256:d92eaeed33fa75130ca1ee6c8a01d1ffb62bac859dfdfb3450e3e5d1c0146529" "/opt/rustwide/cargo-home/bin/cargo" "+72f88fc4e9458f89516a0b8b0868f3718aec5b47" "check" "--frozen" "--all" "--all-targets" "--message-format=json", kill_on_drop: false }`
[INFO] [stderr] WARNING: Your kernel does not support swap limit capabilities or the cgroup is not mounted. Memory limited without swap.
[INFO] [stdout] 3a184a02fe38e79b0a300bc2914cf7662d676e3e8d152e98a4adbf1b725e61d9
[INFO] running `Command { std: "docker" "start" "-a" "3a184a02fe38e79b0a300bc2914cf7662d676e3e8d152e98a4adbf1b725e61d9", kill_on_drop: false }`
[INFO] [stderr]     Checking rust-linked-list v0.0.1 (/opt/rustwide/workdir)
[INFO] [stdout] error[E0412]: cannot find type `uint` in this scope
[INFO] [stdout]  --> src/main.rs:2:10
[INFO] [stdout]   |
[INFO] [stdout] 2 |     Cons(uint, Box<Node>),
[INFO] [stdout]   |          ^^^^ not found in this scope
[INFO] [stdout] 
[INFO] [stdout] 
[INFO] [stdout] error[E0425]: cannot find value `Nil` in this scope
[INFO] [stdout]  --> src/main.rs:8:9
[INFO] [stdout]   |
[INFO] [stdout] 8 |         Nil
[INFO] [stdout]   |         ^^^ not found in this scope
[INFO] [stdout]   |
[INFO] [stdout] help: consider importing this unit variant
[INFO] [stdout]   |
[INFO] [stdout] 1 | use Node::Nil;
[INFO] [stdout]   |
[INFO] [stdout] 
[INFO] [stdout] 
[INFO] [stdout] error[E0412]: cannot find type `uint` in this scope
[INFO] [stdout]   --> src/main.rs:11:36
[INFO] [stdout]    |
[INFO] [stdout] 11 |     fn append_to_front(self, elem: uint) -> Node {
[INFO] [stdout]    |                                    ^^^^ not found in this scope
[INFO] [stdout] 
[INFO] [stdout] 
[INFO] [stdout] error[E0425]: cannot find function, tuple struct or tuple variant `Cons` in this scope
[INFO] [stdout]   --> src/main.rs:12:9
[INFO] [stdout]    |
[INFO] [stdout] 12 |         Cons(elem, box self)
[INFO] [stdout]    |         ^^^^ not found in this scope
[INFO] [stdout]    |
[INFO] [stdout] help: consider importing this tuple variant
[INFO] [stdout]    |
[INFO] [stdout] 1  | use Node::Cons;
[INFO] [stdout]    |
[INFO] [stdout] 
[INFO] [stdout] 
[INFO] [stdout] error[E0412]: cannot find type `uint` in this scope
[INFO] [stdout]   --> src/main.rs:15:24
[INFO] [stdout]    |
[INFO] [stdout] 15 |     fn value(&self) -> uint {
[INFO] [stdout]    |                        ^^^^ not found in this scope
[INFO] [stdout] 
[INFO] [stdout] 
[INFO] [stdout] error[E0531]: cannot find tuple struct or tuple variant `Cons` in this scope
[INFO] [stdout]   --> src/main.rs:17:13
[INFO] [stdout]    |
[INFO] [stdout] 17 |             Cons(x, _) => x,
[INFO] [stdout]    |             ^^^^ not found in this scope
[INFO] [stdout]    |
[INFO] [stdout] help: consider importing this tuple variant
[INFO] [stdout]    |
[INFO] [stdout] 1  | use Node::Cons;
[INFO] [stdout]    |
[INFO] [stdout] 
[INFO] [stdout] 
[INFO] [stdout] error[E0531]: cannot find tuple struct or tuple variant `Cons` in this scope
[INFO] [stdout]   --> src/main.rs:26:13
[INFO] [stdout]    |
[INFO] [stdout] 26 |             Cons(_, tail) => *tail,
[INFO] [stdout]    |             ^^^^ not found in this scope
[INFO] [stdout]    |
[INFO] [stdout] help: consider importing this tuple variant
[INFO] [stdout]    |
[INFO] [stdout] 1  | use Node::Cons;
[INFO] [stdout]    |
[INFO] [stdout] 
[INFO] [stdout] 
[INFO] [stdout] error[E0412]: cannot find type `uint` in this scope
[INFO] [stdout]   --> src/main.rs:31:30
[INFO] [stdout]    |
[INFO] [stdout] 31 |     fn contains(&self, elem: uint) -> bool {
[INFO] [stdout]    |                              ^^^^ not found in this scope
[INFO] [stdout] 
[INFO] [stdout] 
[INFO] [stdout] error[E0531]: cannot find tuple struct or tuple variant `Cons` in this scope
[INFO] [stdout]   --> src/main.rs:33:13
[INFO] [stdout]    |
[INFO] [stdout] 33 |             Cons(x, ref tail) => if x == elem { true } else { tail.contains(elem) },
[INFO] [stdout]    |             ^^^^ not found in this scope
[INFO] [stdout]    |
[INFO] [stdout] help: consider importing this tuple variant
[INFO] [stdout]    |
[INFO] [stdout] 1  | use Node::Cons;
[INFO] [stdout]    |
[INFO] [stdout] 
[INFO] [stdout] 
[INFO] [stdout] error[E0412]: cannot find type `uint` in this scope
[INFO] [stdout]   --> src/main.rs:38:25
[INFO] [stdout]    |
[INFO] [stdout] 38 |     fn length(&self) -> uint {
[INFO] [stdout]    |                         ^^^^ not found in this scope
[INFO] [stdout] 
[INFO] [stdout] 
[INFO] [stdout] error[E0531]: cannot find tuple struct or tuple variant `Cons` in this scope
[INFO] [stdout]   --> src/main.rs:40:13
[INFO] [stdout]    |
[INFO] [stdout] 40 |             Cons(_, ref tail) => 1 + tail.length(),
[INFO] [stdout]    |             ^^^^ not found in this scope
[INFO] [stdout]    |
[INFO] [stdout] help: consider importing this tuple variant
[INFO] [stdout]    |
[INFO] [stdout] 1  | use Node::Cons;
[INFO] [stdout]    |
[INFO] [stdout] 
[INFO] [stdout] 
[INFO] [stdout] error[E0531]: cannot find tuple struct or tuple variant `Cons` in this scope
[INFO] [stdout]   --> src/main.rs:47:13
[INFO] [stdout]    |
[INFO] [stdout] 47 |             Cons(x, ref tail) => {
[INFO] [stdout]    |             ^^^^ not found in this scope
[INFO] [stdout]    |
[INFO] [stdout] help: consider importing this tuple variant
[INFO] [stdout]    |
[INFO] [stdout] 1  | use Node::Cons;
[INFO] [stdout]    |
[INFO] [stdout] 
[INFO] [stdout] 
[INFO] [stdout] error[E0425]: cannot find function, tuple struct or tuple variant `Cons` in this scope
[INFO] [stdout]   --> src/main.rs:60:26
[INFO] [stdout]    |
[INFO] [stdout] 60 |     let mut head: Node = Cons(1, box Nil);
[INFO] [stdout]    |                          ^^^^ not found in this scope
[INFO] [stdout]    |
[INFO] [stdout] help: consider importing this tuple variant
[INFO] [stdout]    |
[INFO] [stdout] 1  | use Node::Cons;
[INFO] [stdout]    |
[INFO] [stdout] 
[INFO] [stdout] 
[INFO] [stdout] error[E0425]: cannot find value `Nil` in this scope
[INFO] [stdout]   --> src/main.rs:60:38
[INFO] [stdout]    |
[INFO] [stdout] 60 |     let mut head: Node = Cons(1, box Nil);
[INFO] [stdout]    |                                      ^^^ not found in this scope
[INFO] [stdout]    |
[INFO] [stdout] help: consider importing this unit variant
[INFO] [stdout]    |
[INFO] [stdout] 1  | use Node::Nil;
[INFO] [stdout]    |
[INFO] [stdout] 
[INFO] [stdout] 
[INFO] [stdout] error[E0658]: box expression syntax is experimental; you can call `Box::new` instead
[INFO] [stdout]   --> src/main.rs:12:20
[INFO] [stdout]    |
[INFO] [stdout] 12 |         Cons(elem, box self)
[INFO] [stdout]    |                    ^^^^^^^^
[INFO] [stdout]    |
[INFO] [stdout]    = note: see issue #49733 <https://github.com/rust-lang/rust/issues/49733> for more information
[INFO] [stdout]    = help: add `#![feature(box_syntax)]` to the crate attributes to enable
[INFO] [stdout] 
[INFO] [stdout] 
[INFO] [stdout] error[E0658]: box expression syntax is experimental; you can call `Box::new` instead
[INFO] [stdout]   --> src/main.rs:60:34
[INFO] [stdout]    |
[INFO] [stdout] 60 |     let mut head: Node = Cons(1, box Nil);
[INFO] [stdout]    |                                  ^^^^^^^
[INFO] [stdout]    |
[INFO] [stdout]    = note: see issue #49733 <https://github.com/rust-lang/rust/issues/49733> for more information
[INFO] [stdout]    = help: add `#![feature(box_syntax)]` to the crate attributes to enable
[INFO] [stdout] 
[INFO] [stdout] 
[INFO] [stdout] error[E0412]: cannot find type `uint` in this scope
[INFO] [stdout]  --> src/main.rs:2:10
[INFO] [stdout]   |
[INFO] [stdout] 2 |     Cons(uint, Box<Node>),
[INFO] [stdout]   |          ^^^^ not found in this scope
[INFO] [stdout] 
[INFO] [stdout] 
[INFO] [stdout] error[E0425]: cannot find value `Nil` in this scope
[INFO] [stdout]  --> src/main.rs:8:9
[INFO] [stdout]   |
[INFO] [stdout] 8 |         Nil
[INFO] [stdout]   |         ^^^ not found in this scope
[INFO] [stdout]   |
[INFO] [stdout] help: consider importing this unit variant
[INFO] [stdout]   |
[INFO] [stdout] 1 | use Node::Nil;
[INFO] [stdout]   |
[INFO] [stdout] 
[INFO] [stdout] 
[INFO] [stdout] error[E0412]: cannot find type `uint` in this scope
[INFO] [stdout]   --> src/main.rs:11:36
[INFO] [stdout]    |
[INFO] [stdout] 11 |     fn append_to_front(self, elem: uint) -> Node {
[INFO] [stdout]    |                                    ^^^^ not found in this scope
[INFO] [stdout] 
[INFO] [stdout] 
[INFO] [stdout] error[E0425]: cannot find function, tuple struct or tuple variant `Cons` in this scope
[INFO] [stdout]   --> src/main.rs:12:9
[INFO] [stdout]    |
[INFO] [stdout] 12 |         Cons(elem, box self)
[INFO] [stdout]    |         ^^^^ not found in this scope
[INFO] [stdout]    |
[INFO] [stdout] help: consider importing this tuple variant
[INFO] [stdout]    |
[INFO] [stdout] 1  | use Node::Cons;
[INFO] [stdout]    |
[INFO] [stdout] 
[INFO] [stdout] 
[INFO] [stdout] error[E0412]: cannot find type `uint` in this scope
[INFO] [stdout]   --> src/main.rs:15:24
[INFO] [stdout]    |
[INFO] [stdout] 15 |     fn value(&self) -> uint {
[INFO] [stdout]    |                        ^^^^ not found in this scope
[INFO] [stdout] 
[INFO] [stdout] 
[INFO] [stdout] error[E0531]: cannot find tuple struct or tuple variant `Cons` in this scope
[INFO] [stdout]   --> src/main.rs:17:13
[INFO] [stdout]    |
[INFO] [stdout] 17 |             Cons(x, _) => x,
[INFO] [stdout]    |             ^^^^ not found in this scope
[INFO] [stdout]    |
[INFO] [stdout] help: consider importing this tuple variant
[INFO] [stdout]    |
[INFO] [stdout] 1  | use Node::Cons;
[INFO] [stdout]    |
[INFO] [stdout] 
[INFO] [stdout] 
[INFO] [stdout] error[E0531]: cannot find tuple struct or tuple variant `Cons` in this scope
[INFO] [stdout]   --> src/main.rs:26:13
[INFO] [stdout]    |
[INFO] [stdout] 26 |             Cons(_, tail) => *tail,
[INFO] [stdout]    |             ^^^^ not found in this scope
[INFO] [stdout]    |
[INFO] [stdout] help: consider importing this tuple variant
[INFO] [stdout]    |
[INFO] [stdout] 1  | use Node::Cons;
[INFO] [stdout]    |
[INFO] [stdout] 
[INFO] [stdout] 
[INFO] [stdout] error[E0412]: cannot find type `uint` in this scope
[INFO] [stdout]   --> src/main.rs:31:30
[INFO] [stdout]    |
[INFO] [stdout] 31 |     fn contains(&self, elem: uint) -> bool {
[INFO] [stdout]    |                              ^^^^ not found in this scope
[INFO] [stdout] 
[INFO] [stdout] 
[INFO] [stdout] error[E0531]: cannot find tuple struct or tuple variant `Cons` in this scope
[INFO] [stdout]   --> src/main.rs:33:13
[INFO] [stdout]    |
[INFO] [stdout] 33 |             Cons(x, ref tail) => if x == elem { true } else { tail.contains(elem) },
[INFO] [stdout]    |             ^^^^ not found in this scope
[INFO] [stdout]    |
[INFO] [stdout] help: consider importing this tuple variant
[INFO] [stdout]    |
[INFO] [stdout] 1  | use Node::Cons;
[INFO] [stdout]    |
[INFO] [stdout] 
[INFO] [stdout] 
[INFO] [stdout] error[E0412]: cannot find type `uint` in this scope
[INFO] [stdout]   --> src/main.rs:38:25
[INFO] [stdout]    |
[INFO] [stdout] 38 |     fn length(&self) -> uint {
[INFO] [stdout]    |                         ^^^^ not found in this scope
[INFO] [stdout] 
[INFO] [stdout] 
[INFO] [stdout] error[E0531]: cannot find tuple struct or tuple variant `Cons` in this scope
[INFO] [stdout]   --> src/main.rs:40:13
[INFO] [stdout]    |
[INFO] [stdout] 40 |             Cons(_, ref tail) => 1 + tail.length(),
[INFO] [stdout]    |             ^^^^ not found in this scope
[INFO] [stdout]    |
[INFO] [stdout] help: consider importing this tuple variant
[INFO] [stdout]    |
[INFO] [stdout] 1  | use Node::Cons;
[INFO] [stdout]    |
[INFO] [stdout] 
[INFO] [stdout] 
[INFO] [stdout] error[E0531]: cannot find tuple struct or tuple variant `Cons` in this scope
[INFO] [stdout]   --> src/main.rs:47:13
[INFO] [stdout]    |
[INFO] [stdout] 47 |             Cons(x, ref tail) => {
[INFO] [stdout]    |             ^^^^ not found in this scope
[INFO] [stdout]    |
[INFO] [stdout] help: consider importing this tuple variant
[INFO] [stdout]    |
[INFO] [stdout] 1  | use Node::Cons;
[INFO] [stdout]    |
[INFO] [stdout] 
[INFO] [stdout] 
[INFO] [stdout] error[E0425]: cannot find function, tuple struct or tuple variant `Cons` in this scope
[INFO] [stdout]   --> src/main.rs:60:26
[INFO] [stdout]    |
[INFO] [stdout] 60 |     let mut head: Node = Cons(1, box Nil);
[INFO] [stdout]    |                          ^^^^ not found in this scope
[INFO] [stdout]    |
[INFO] [stdout] help: consider importing this tuple variant
[INFO] [stdout]    |
[INFO] [stdout] 1  | use Node::Cons;
[INFO] [stdout]    |
[INFO] [stdout] 
[INFO] [stdout] 
[INFO] [stdout] error[E0425]: cannot find value `Nil` in this scope
[INFO] [stdout]   --> src/main.rs:60:38
[INFO] [stdout]    |
[INFO] [stdout] 60 |     let mut head: Node = Cons(1, box Nil);
[INFO] [stdout]    |                                      ^^^ not found in this scope
[INFO] [stdout]    |
[INFO] [stdout] help: consider importing this unit variant
[INFO] [stdout]    |
[INFO] [stdout] 1  | use Node::Nil;
[INFO] [stdout]    |
[INFO] [stdout] 
[INFO] [stdout] 
[INFO] [stdout] error[E0658]: box expression syntax is experimental; you can call `Box::new` instead
[INFO] [stdout]   --> src/main.rs:12:20
[INFO] [stdout]    |
[INFO] [stdout] 12 |         Cons(elem, box self)
[INFO] [stdout]    |                    ^^^^^^^^
[INFO] [stdout]    |
[INFO] [stdout]    = note: see issue #49733 <https://github.com/rust-lang/rust/issues/49733> for more information
[INFO] [stdout]    = help: add `#![feature(box_syntax)]` to the crate attributes to enable
[INFO] [stdout] 
[INFO] [stdout] 
[INFO] [stdout] error[E0658]: box expression syntax is experimental; you can call `Box::new` instead
[INFO] [stdout]   --> src/main.rs:60:34
[INFO] [stdout]    |
[INFO] [stdout] 60 |     let mut head: Node = Cons(1, box Nil);
[INFO] [stdout]    |                                  ^^^^^^^
[INFO] [stdout]    |
[INFO] [stdout]    = note: see issue #49733 <https://github.com/rust-lang/rust/issues/49733> for more information
[INFO] [stdout]    = help: add `#![feature(box_syntax)]` to the crate attributes to enable
[INFO] [stdout] 
[INFO] [stdout] 
[INFO] [stdout] error: aborting due to 16 previous errors
[INFO] [stdout] 
[INFO] [stdout] 
[INFO] [stdout] error: aborting due to 16 previous errors
[INFO] [stdout] 
[INFO] [stdout] 
[INFO] [stdout] Some errors have detailed explanations: E0412, E0425, E0531, E0658.
[INFO] [stdout] 
[INFO] [stdout] Some errors have detailed explanations: E0412, E0425, E0531, E0658.
[INFO] [stdout] 
[INFO] [stdout] For more information about an error, try `rustc --explain E0412`.
[INFO] [stdout] 
[INFO] [stdout] For more information about an error, try `rustc --explain E0412`.
[INFO] [stdout] 
[INFO] [stderr] error: could not compile `rust-linked-list`.
[INFO] [stderr] 
[INFO] [stderr] To learn more, run the command again with --verbose.
[INFO] [stderr] warning: build failed, waiting for other jobs to finish...
[INFO] [stderr] error: build failed
[INFO] running `Command { std: "docker" "inspect" "3a184a02fe38e79b0a300bc2914cf7662d676e3e8d152e98a4adbf1b725e61d9", kill_on_drop: false }`
[INFO] running `Command { std: "docker" "rm" "-f" "3a184a02fe38e79b0a300bc2914cf7662d676e3e8d152e98a4adbf1b725e61d9", kill_on_drop: false }`
[INFO] [stdout] 3a184a02fe38e79b0a300bc2914cf7662d676e3e8d152e98a4adbf1b725e61d9
